What is the thousands digit of 9825879?
5
What is the tens digit of 894516?
1
What is the ten thousands digit of 2692716?
9
What is the units digit of 24555061?
1
What is the hundred thousands digit of 573060?
5
What is the thousands digit of 1090851?
0
What is the ten thousands digit of 544667?
4
What is the tens digit of 249434?
3
What is the hundreds digit of 171070?
0
What is the thousands digit of 2831250?
1
What is the ten thousands digit of 19720395?
2
What is the hundreds digit of 40079?
0
What is the tens digit of 5345?
4
What is the tens digit of 1541224?
2
What is the tens digit of 142535?
3
What is the tens digit of 152467?
6
What is the thousands digit of 1249577?
9
What is the thousands digit of 4362017?
2
What is the units digit of 753975?
5
What is the units digit of 329159?
9
What is the hundreds digit of 1363548?
5
What is the hundreds digit of 64123?
1
What is the thousands digit of 530023?
0
What is the hundred thousands digit of 266885?
2
What is the millions digit of 9841009?
9
What is the hundreds digit of 27144789?
7
What is the tens digit of 163311?
1
What is the hundreds digit of 1275749?
7
What is the ten thousands digit of 32104?
3
What is the units digit of 35940711?
1
What is the ten thousands digit of 13858630?
5
What is the units digit of 4961859?
9
What is the hundreds digit of 166317?
3
What is the tens digit of 2844744?
4
What is the tens digit of 13470431?
3
What is the thousands digit of 5798490?
8
What is the units digit of 93634?
4
What is the hundred thousands digit of 5276907?
2
What is the thousands digit of 450723?
0
What is the hundred thousands digit of 1726150?
7
What is the ten thousands digit of 540017?
4
What is the ten thousands digit of 12474134?
7
What is the thousands digit of 27151835?
1
What is the thousands digit of 69829?
9
What is the units digit of 9116940?
0
What is the tens digit of 284598?
9
What is the hundred thousands digit of 6033355?
0
What is the ten thousands digit of 62172?
6
What is the ten thousands digit of 94331?
9
What is the hundred thousands digit of 1326606?
3
What is the hundred thousands digit of 775381?
7
What is the hundreds digit of 32563011?
0
What is the hundred thousands digit of 492860?
4
What is the ten thousands digit of 426864?
2
What is the millions digit of 1799088?
1
What is the thousands digit of 263581?
3
What is the hundred thousands digit of 222328?
2
What is the thousands digit of 14367550?
7
What is the units digit of 13283294?
4
What is the units digit of 2685579?
9
What is the millions digit of 24974869?
4
What is the thousands digit of 275891?
5
What is the hundred thousands digit of 1075342?
0
What is the units digit of 1228514?
4
What is the tens digit of 92556?
5
What is the thousands digit of 57509?
7
What is the ten thousands digit of 152180?
5
What is the hundred thousands digit of 16915154?
9
What is the thousands digit of 3638102?
8
What is the hundreds digit of 18266?
2
What is the tens digit of 491455?
5
What is the ten thousands digit of 3173839?
7
What is the thousands digit of 2518923?
8
What is the millions digit of 1929722?
1
What is the units digit of 586746?
6
What is the units digit of 123997?
7
What is the hundreds digit of 2170685?
6
What is the hundreds digit of 24597?
5
What is the hundred thousands digit of 1303414?
3
What is the units digit of 8254913?
3
What is the hundreds digit of 5088395?
3
What is the tens digit of 16571604?
0
What is the units digit of 1690832?
2
What is the thousands digit of 22659140?
9
What is the tens digit of 19800668?
6
What is the ten thousands digit of 3935953?
3
What is the hundreds digit of 741823?
8
What is the ten thousands digit of 636430?
3
What is the ten thousands digit of 772449?
7
What is the units digit of 2146904?
4
What is the thousands digit of 1951631?
1
What is the tens digit of 133466?
6
What is the units digit of 104913?
3
What is the hundreds digit of 2975662?
6
What is the units digit of 845179?
9
What is the ten thousands digit of 3634275?
3
What is the hundreds digit of 3472131?
1
What is the hundred thousands digit of 34928023?
9
What is the thousands digit of 654526?
4
What is the ten thousands digit of 355352?
5
What is the ten thousands digit of 3630338?
3
What is the units digit of 29139739?
9
What is the ten thousands digit of 4768272?
6
What is the units digit of 92151?
1
What is the tens digit of 560164?
6
What is the units digit of 3967553?
3
What is the ten millions digit of 14221217?
1
What is the hundred thousands digit of 29134921?
1
What is the thousands digit of 783155?
3
What is the ten thousands digit of 345251?
4
What is the hundreds digit of 10141518?
5
What is the tens digit of 9019906?
0
What is the ten millions digit of 10132676?
1
What is the tens digit of 2283668?
6
What is the thousands digit of 493775?
3
What is the units digit of 5794337?
7
What is the hundred thousands digit of 429400?
4
What is the thousands digit of 99930?
9
What is the tens digit of 2804087?
8
What is the millions digit of 3643704?
3
What is the tens digit of 199854?
5
What is the tens digit of 40936?
3
What is the hundreds digit of 420795?
7
What is the ten thousands digit of 200118?
0
What is the thousands digit of 678437?
8
What is the thousands digit of 469131?
9
What is the tens digit of 33433?
3
What is the units digit of 259517?
7
What is the thousands digit of 1174792?
4
What is the ten thousands digit of 21886?
2
What is the ten thousands digit of 118036?
1
What is the hundred thousands digit of 746086?
7
What is the thousands digit of 52663?
2
What is the ten thousands digit of 447197?
4
What is the ten thousands digit of 527241?
2
What is the tens digit of 1324901?
0
What is the tens digit of 19404?
0
What is the ten thousands digit of 882077?
8
What is the tens digit of 212773?
7
What is the units digit of 3526727?
7
What is the tens digit of 4891824?
2
What is the units digit of 6162268?
8
What is the units digit of 1099136?
6
What is the tens digit of 2298692?
9
What is the ten thousands digit of 26261163?
6
What is the hundred thousands digit of 447942?
4
What is the tens digit of 1168498?
9
What is the hundreds digit of 1039011?
0
What is the hundreds digit of 341401?
4
What is the thousands digit of 1193105?
3
What is the hundreds digit of 126833?
8
What is the ten thousands digit of 151164?
5
What is the thousands digit of 774771?
4
What is the tens digit of 527427?
2
What is the hundred thousands digit of 244849?
2
What is the millions digit of 3005091?
3
What is the ten thousands digit of 148090?
4
What is the units digit of 415784?
4
What is the thousands digit of 190014?
0
What is the units digit of 85080?
0
What is the hundred thousands digit of 693456?
6
What is the tens digit of 4933568?
6
What is the tens digit of 3465331?
3
What is the thousands digit of 1356369?
6
What is the millions digit of 20757209?
0
What is the tens digit of 308601?
0
What is the hundreds digit of 1519752?
7
What is the ten thousands digit of 3258238?
5
What is the units digit of 9121095?
5
What is the hundred thousands digit of 29077229?
0
What is the millions digit of 1449695?
1
What is the ten thousands digit of 420638?
2
What is the ten thousands digit of 258894?
5
What is the thousands digit of 143631?
3
What is the millions digit of 1020500?
1
What is the hundreds digit of 1103438?
4
What is the tens digit of 69668?
6
What is the hundred thousands digit of 2924719?
9
What is the thousands digit of 226542?
6
What is the tens digit of 34506?
0
What is the tens digit of 88144?
4
What is the millions digit of 7400606?
7
What is the hundred thousands digit of 140897?
1
What is the thousands digit of 164752?
4
What is the hundred thousands digit of 8371136?
3
What is the tens digit of 465924?
2
What is the hundreds digit of 2559898?
8
What is the millions digit of 22891524?
2
What is the hundred thousands digit of 167862?
1
What is the ten thousands digit of 356138?
5
What is the thousands digit of 304838?
4
What is the ten thousands digit of 195990?
9
What is the tens digit of 5293619?
1
What is the tens digit of 941491?
9
What is the tens digit of 13843?
4
What is the units digit of 15639278?
8
What is the thousands digit of 5563997?
3
What is the hundreds digit o